se 4*t - u = -t. Suppose -4*r + r + 13 = -5*y, t = -5*y - 2*r. Let q(b) = b**2 + 4*b + 2. Determine q(y).
7
Let g(a) = 2*a**2 - 8*a + 4. Let w(d) = -d**2 - d - 1. Let j(f) = -g(f) - w(f). Give j(8).
5
Let s(l) = 7*l - 3*l**2 - 5*l + l**3 + 0*l**2 - 2*l**2. Let y = -6 - -8. Give s(y).
-8
Let w(k) = 2*k**2 - 2*k - 2. Let o = -9 + 5. Let l be o/(-2 - 36/(-15)). Let m be ((-4)/l)/(1/5). Calculate w(m).
2
Let y(n) = n + 4. Let s(p) = -7*p - 2. Let f be s(2). Let r = f + 11. Calculate y(r).
-1
Let x be 20/6*(-18)/(-4). Suppose 5*m = -0*m - 2*j - x, -2*m + 18 = -4*j. Let c(f) = 3 - 2 + 2*f - 2. Give c(m).
-3
Let f(o) = -7*o**2 + 2*o**2 + 6*o**2. Determine f(-2).
4
Let j(f) = f**3 - 6*f**2 - 7*f + 4. Let s be j(7). Let k(m) = -m**2 + m - 1. Let i(q) = -4*q**2 + 8*q. Let c(g) = i(g) - 3*k(g). What is c(s)?
7
Let g(r) = -r. Suppose -h + 3 = -3*k - 8, h - 19 = 5*k. Give g(h).
1
Let g(c) = 2*c - 1. Let s = 27 - 33. Let a be 3/s*-8 + 2. Determine g(a).
11
Let w(d) = 4*d**3 - 2*d**2 + d + 1. Let r(o) = -5*o**3 + 3*o**2 - o - 1. Let k(s) = -5*r(s) - 6*w(s). Determine k(3).
-4
Let o(z) = 5 - 4 - 4 + z. Let b be o(3). Let j(h) = -8*h + 2*h + b*h. Calculate j(1).
-6
Let w(h) = 3*h - 3*h - 3*h + 1 + h. What is w(-1)?
3
Let l be -3 - (0 - 6/(-3)). Let w = -5 + 7. Let x(a) = 5*a - w*a - 4*a. Give x(l).
5
Let i(x) = -3*x - 25. Let w be i(-9). Let r(m) = -m**2 + 2*m + 1. What is r(w)?
1
Let a(z) = 7*z**3 - 4*z**2 - 2*z + 6. Suppose n + 2 = 7. Let h(j) = -5 - n*j**3 + 3*j**2 - j**3 + 2*j + 0. Let f(l) = 5*a(l) + 6*h(l). Give f(-2).
-4
Let c = 75 + -71. Let k(a) be the first derivative of a**3 - c - 2*a + 1/4*a**4 + 1/2*a**2. What is k(-2)?
0
Let j(q) = -q**3 + 5*q**2 - 5*q. Let y(p) = -p**3 - 5*p**2 - 8*p - 12. Let s be y(-4). Calculate j(s).
-4
Let c(k) = 4*k**2 + 5*k - 4. Suppose 0 = -7*i + 11*i + 4. Let m(t) = -t**2. Let d(v) = i*c(v) - 5*m(v). Let b(z) = z**2 + 3*z. Let q be b(-4). Calculate d(q).
0
Let j be (-20)/(-15) - 8/36*33. Let o(g) = -g + 2. What is o(j)?
8
Let x(t) be the second derivative of t**5/4 - t**4/12 - t**3/6 - t**2/2 + 21*t. Suppose -j - 3*u + 14 = 2*u, 3*j + 6 = u. Calculate x(j).
-6
Let p(j) = -11*j - 6. Let n(z) = -9*z - 6. Let t(l) = -6*n(l) + 5*p(l). Determine t(4).
2
Let i(y) = -4*y**2 - 3*y. Let f be (-20)/50 - (-8)/(-5). What is i(f)?
-10
Let s(g) = g**3 + 6*g**2 + g + 2. Suppose -2*o = -2*m + 18, o + 30 = -3*o + 2*m. Give s(o).
-4
Let q be -10 - -12 - -1*(2 - 0). Let f(l) be the first derivative of 2*l**3 + 0*l + 1/4*l**q + 7/2*l**2 - 1. Determine f(-5).
-10
Let a(j) = -4*j**3 - j**2 + 3*j - 2. Let p(w) = -5*w**3 + 3*w - 1. Let f(g) = 4*a(g) - 3*p(g). What is f(-5)?
5
Let h be 8/3 - (84/18 + -4). Let r(o) = -o**3 + 2. Calculate r(h).
-6
Let a(c) = 7*c**3 - 2*c**2 + 1. Let t be 2/(-4) + 10/4. Suppose -l = -6*l + 5. Let w = t - l. Calculate a(w).
6
Let w(o) = -4*o**3 + 5*o**3 - 4*o - 3 - 4*o**2 - 2*o**3. Let r(i) = -i**3 - 3*i**2 - i. Let k be r(-2). What is w(k)?
-3
Let h(z) = -z**3 + 3*z**2 - z. Let a(m) = -2*m + 28. Let v be a(13). Give h(v).
2
Let f(n) = n**2 - 4*n + 1. Let y(o) = -o**3 - 5*o**2 - 6*o. Let u be y(-4). Suppose -3*m + u = -4. What is f(m)?
1
Let m(s) = -3 - 2*s + 10 + 0. Let l be m(6). Let j(w) be the first derivative of w**3/3 + 3*w**2 + 7*w - 7. What is j(l)?
2
Let u(d) be the third derivative of d**5/60 + d**4/8 + d**3/2 + 7*d**2. Calculate u(-4).
7
Let x(h) be the first derivative of -2*h**2 - h + 2. Determine x(2).
-9
Suppose -4 = 2*k, 10 = 4*f - 2*k + 54. Let c = 7 + f. Let m(j) = -j + 0 + 2 - 3. What is m(c)?
4
Let v = -38 - -64. Suppose -v = 4*p - 10. Let x(t) = t + 2 + 2*t - 4*t. Determine x(p).
6
Let l(a) be the first derivative of -1/3*a**3 - 4 + 0*a - 7/2*a**2. Determine l(-6).
6
Let o(c) = -c**2 + 8*c - 8. Let t(f) = -f - 2. Let k be t(-8). What is o(k)?
4
Let n be (-1 - (3 - 10)) + 1. Let a(u) = -6*u + 2. Let t(p) = 11*p - 4. Let b be 5 - ((-2 - 0) + 3). Let h(g) = b*t(g) + n*a(g). Calculate h(4).
6
Let t(f) be the third derivative of f**6/120 + f**5/30 + f**3/6 + 15*f**2. Suppose 3*o + 2*a + 7 = 0, 11*a - 14 = 3*o + 6*a. Determine t(o).
-8
Let w(c) = 7*c**2 + 2*c - 1. Suppose -m - 4 = 10. Let h be (-18)/4 - 7/m. Let x(y) = y**3 + 4*y**2 + 1. Let a be x(h). Give w(a).
8
Let v be (1/(-1) + 4)*1. Suppose -8 + 11 = -v*t. Let a(g) = -9*g**3 + g. Calculate a(t).
8
Let j be 4*10/(-8)*16/40. Let p(o) = 2*o**2 + o. Let d be p(1). Let s(l) = 2 - l - l**2 + d*l**2 - 1. Give s(j).
11
Let h(r) = 2*r + 8. Let d(s) = s + 4. Let i(q) = -7*d(q) + 3*h(q). Give i(4).
-8
Let q(p) = -3 + p - 67*p**2 + 2*p + 68*p**2. Calculate q(2).
7
Let y(a) = a**2 + 2. Let w(l) be the third derivative of -l**5/20 - l**4/24 - l**3/2 - 2*l**2. Let p(c) = 2*w(c) + 5*y(c). Calculate p(-4).
-4
Let g(n) be the second derivative of -1/24*n**4 + n + 1/3*n**3 + 0 + 1/360*n**6 + 0*n**2 - 1/24*n**5. Let r(u) be the second derivative of g(u). Give r(3).
-7
Let i(r) = -5*r + 5. Let t(j) = 35*j - 35. Let h(l) = 20*i(l) + 3*t(l). Calculate h(4).
15
Let a(m) = -m**3 + 4*m**2 - 4*m + 4. Let h be a(3). Let w(l) = -l - 1. Let q(g) = 5*g - 1. Let c(n) = h*q(n) + 4*w(n). Calculate c(5).
0
Let o(c) = -c + 15. Let g be o(11). Suppose 0 = -f - 5*m + 3, -2*f + g*m = -f + 6. Let p(r) = r**3 - r**2 - 2*r + 1. Calculate p(f).
-7
Suppose -2*n - 1 = -3. Let z(c) = c**2 - 5*c + 3*c - 2*c. Let i(h) = h**2 - 3*h. Let w(q) = 5*i(q) - 4*z(q). Calculate w(n).
2
Let p(n) = 12*n + 4 - 15*n + 3*n**2 - 26*n**3 + 25*n**3. Determine p(3).
-5
Let n = 4 + -4. Suppose -5*k + n*k + 30 = 0. Let t(x) = -x - 4 + 8 + 1 + 1. Calculate t(k).
0
Suppose -a = 3*g - 48, -3*g - 2*a = g - 62. Let p = g + -8. Let x = p + -13. Let n(c) = -c**2 - 4*c + 3. Determine n(x).
3
Let v be -2*(-3 + 10/5) - -1. Let d(k) = 13*k**2 - 23*k + 17. Let q(z) = -3*z**2 + 6*z - 4. Let y(n) = -2*d(n) - 9*q(n). Give y(v).
-13
Let q(y) = -12 - 7 + 12 - 7*y + y**2. Determine q(8).
1
Let y(l) = l + 1. Let a(g) = 5*g + 3. Let u(z) = a(z) - 6*y(z). Determine u(-2).
-1
Let o(j) = -j**3 - 2*j**2 + 6*j + 16. Let r be o(-3). Let a(y) = -2*y + 8. Give a(r).
-6
Let y(k) = -k + 2. Let o(i) = -i - 1. Let z(w) = -3*o(w) - y(w). Give z(1).
5
Let f(y) = -8*y - 1. Suppose 12 = -5*s + 3*q, s + 2*s + 3*q - 12 = 0. Suppose 5 = -s*b - 5*b. Determine f(b).
7
Let d(a) = 4*a**2 + 2*a - 1. Let g(k) = k. Let v(l) = -d(l) + 2*g(l). Give v(-1).
-3
Let r be (-4)/(-22) + (-126)/(-33). Let d(c) = -c**2 - c**2 - r*c - 2*c**2 + 3*c**2. Suppose -4*n - 3*u - 11 = 0, -34 = n + 4*n - 3*u. Calculate d(n).
-5
Let q(g) = g**3 - 6*g**2 - 6*g + 5. Suppose -r = -k - 3, 19 = 5*r - 2*k - 2*k. Give q(r).
12
Suppose 8 = a + 3*a. Let i(z) be the third derivative of -z**4/24 + z**3/6 + 3*z**2. Determine i(a).
-1
Suppose -5*r + 10 = 40. Let g(o) = 5 + 7*o**3 - 4*o**3 + 8*o - 4*o**3 - 5*o**2. What is g(r)?
-7
Let m(g) be the first derivative of -g**4/4 - 2*g**3 + 3*g**2 - g - 16. What is m(-7)?
6
Let r(l) = 2*l + 10. Let v(w) = -2*w - 9. Let u(j) = 5*r(j) + 6*v(j). What is u(7)?
-18
Suppose -5 - 25 = 5*y. Let a(t) be the first derivative of t**3/3 + 5*t**2/2 - 7*t + 10. What is a(y)?
-1
Let k = -1 + -1. Let l = -2 - k. Suppose l*z - 2*z = 8. Let r(m) = -m**3 - 4*m**2 + m - 4. Determine r(z).
-8
Let y(u) = -14*u + 19*u - 8*u - 2 - 1. Determine y(-2).
3
Let u(j) = -j**2 + 6*j - 1. Let a = -15 - -27. Let f = a - 8. What is u(f)?
7
Suppose 3*y + 13 = -4*f, -f = -5*y + 10 - 1. Let d(w) = -2*w - 5. Calculate d(f).
3
Let y(w) = -8*w**3 + 2*w**2 - 1. Suppose -61 + 66 = -5*p. What is y(p)?
9
Let t(h) = -3*h**2 - 1. Let i be 6/15 + (-138)/(-30). Suppose x + 26 = -i*o, 5*x - 4*o + 1 - 16 = 0. What is t(x)?
-4
Let i(l) = -l**2 + l - 2. Suppose g + g - 8 = 0. Let c be ((-5)/g)/((-1)/(-4)). Let o = -2 - c. What is i(o)?
-8
Let m(r) = -r**2 - 4*r + 4. Let g = -4 - -35. Let o = g - 11. Let j be (4/(-2))/(8/o). Give m(j).
-1
Let w(n) = 4*n - 2. Let r(h) = 3*h - 1. Let p(u) = 3*r(u) - 2*w(u). Let v(a) = -a - 1. Let l(g) = 4*p(g) + 5*v(g). Determine l(-4).
3
Let h(l) be the first derivative of -3/2*l**2 - 5 - 2*l + l**3 + 1/4*l**4. What is h(-4)?
-6
Let j(b) = -6 - 8*b**2 + 15*b**2 - b**3 + 0*b**2 - 5*b. Determine j(6).
0
Let h(z) = z - 8. Let s be (-3)/21 - (-82)/(-14). Determine h(s).
-14
Let z(s) = 16*s**3 + 2*s**2 + s. Suppose 8 = -3*k - 4, 3*t + 15 = -3*k. Give z(t).
-15
Let s(